base 4?
1003203
Convert -210010121 (base 3) to base 5.
-443111
173 (base 8) to base 15
83
214221 (base 5) to base 6
54232
Convert -10000110 (base 2) to base 16.
-86
Convert -25056 (base 7) to base 4.
-1212132
What is 501 (base 11) in base 5?
4411
Convert 1111000011100010 (base 2) to base 7.
344533
29a (base 13) to base 8
721
Convert bc5 (base 13) to base 11.
1577
What is 2654 (base 8) in base 3?
1222210
-4345 (base 9) to base 2
-110010000000
2220220002 (base 3) to base 8
160250
What is 30320 (base 5) in base 12?
1174
Convert 35121 (base 6) to base 3.
20212211
Convert -10680 (base 9) to base 5.
-211434
What is -22120 (base 4) in base 16?
-298
What is -29780 (base 11) in base 4?
-22103110
-142203 (base 7) to base 14
-9caa
-3444 (base 5) to base 14
-279
What is -986 (base 12) in base 5?
-21043
-1011112 (base 3) to base 7
-2324
What is -21012222 (base 3) in base 14?
-1cc0
-3a4 (base 11) to base 10
-477
5028 (base 10) to base 13
239a
-3c5 (base 14) to base 12
-535
What is 5338 (base 11) in base 16?
1b93
What is -619 (base 12) in base 6?
-4033
What is 8713 (base 11) in base 16?
2cf5
Convert 2790 (base 14) to base 6.
52202
What is -6b4 (base 12) in base 5?
-13000
Convert 100203 (base 4) to base 8.
2043
Convert 1000111110011 (base 2) to base 13.
2126
Convert 26499 (base 12) to base 16.
cd35
Convert 9d3 (base 16) to base 15.
b2a
-11220 (base 14) to base 11
-29270
301444 (base 7) to base 10
50992
-13211 (base 7) to base 15
-10ab
What is -40014 (base 7) in base 4?
-2112033
100001110110100 (base 2) to base 12
a044
Convert 493 (base 13) to base 5.
11141
Convert -3176 (base 8) to base 15.
-75c
-1103 (base 6) to base 16
-ff
What is -1454 (base 8) in base 6?
-3432
What is -39b (base 16) in base 3?
-1021012
Convert 41031 (base 5) to base 15.
bb1
1035 (base 9) to base 11
632
Convert 512 (base 12) to base 16.
2de
192 (base 11) to base 10
222
What is -757d (base 15) in base 14?
-90c4
What is 8c (base 15) in base 7?
246
Convert 3032 (base 4) to base 8.
316
Convert -5b93 (base 15) to base 12.
-b340
What is -2112111110 (base 3) in base 6?
-1023103
3915 (base 14) to base 4
2130133
What is -10203113 (base 4) in base 12?
-a95b
What is 1022212210 (base 3) in base 14?
9765
Convert -4438 (base 10) to base 12.
-269a
24435 (base 8) to base 9
15384
Convert d74 (base 16) to base 9.
4646
Convert -277e (base 15) to base 3.
-102120202
Convert -1cd (base 15) to base 14.
-21c
5367 (base 9) to base 6
30141
What is -1b (base 13) in base 9?
-26
-223 (base 12) to base 7
-630
What is 13401 (base 5) in base 8?
2115
Convert -3033 (base 4) to base 8.
-317
What is -313 (base 13) in base 15?
-24d
aaa (base 15) to base 9
3267
Convert 463 (base 15) to base 4.
33201
14752 (base 9) to base 14
396b
What is -5bb (base 13) in base 4?
-33213
-cc9 (base 14) to base 5
-40104
Convert -2a5a (base 13) to base 4.
-1200033
Convert 2144 (base 5) to base 16.
12b
1521 (base 12) to base 9
3347
What is -5ac9 (base 13) in base 10?
-12840
-1874 (base 10) to base 4
-131102
Convert 13321130 (base 4) to base 3.
1122101002
What is 28c55 (base 13) in base 9?
126308
3100123 (base 4) to base 9
20261
What is 379 (base 10) in base 11?
315
-2569 (base 10) to base 15
-b64
Convert -bad (base 16) to base 9.
-4081
21027 (base 10) to base 4
11020203
Convert 140100 (base 6) to base 14.
4a44
Convert -1100002 (base 3) to base 5.
-12344
What is -be2 (base 15) in base 8?
-5177
Convert 12220 (base 5) to base 4.
32213
Convert -1001001100110 (base 2) to base 3.
-20110110
Convert -661 (base 9) to base 5.
-4131
31144 (base 6) to base 13
1b88
What is -114141 (base 5) in base 8?
-10310
1064 (base 9) to base 15
377
3300 (base 5) to base 12
316
2417 (base 9) to base 3
2110121
-608 (base 13) to base 9
-1355
1740 (base 10) to base 4
123030
421430 (base 5) to base 15
422a
Convert -161 (base 11) to base 16.
-bc
What is -100210001 (base 3) in base 10?
-7129
Convert -92 (base 16) to base 14.
-a6
What is 111111101 (base 2) in base 13?
302
Convert -6d32 (base 15) to base 6.
-255302
What is 2110 (base 3) in base 7?
123
Convert -468 (base 11) to base 3.
-202200
What is 238 (base 10) in base 12?
17a
What is -11111 (base 5) in base 13?
-481
-1a5 (base 14) to base 5
-2331
Convert 854 (base 10) to base 14.
450
Convert 283 (base 12) to base 9.
470
What is -1915 (base 14) in base 7?
-16125
-1b41 (base 14) to base 13
-2344
What is 46a (base 12) in base 5?
10113
Convert 12314 (base 6) to base 12.
109a
What is -1549 (base 12) in base 7?
-10206
What is 10001101011010 (base 2) in base 15?
2a35
What is 2154 (base 7) in base 4?
30012
What is -3120330 (base 4) in base 14?
-50ba
Convert 243 (base 13) to base 6.
1453
What is 149 (base 12) in base 16?
c9
What is 7108 (base 12) in base 11?
9225
Convert -824 (base 15) to base 4.
-130222
-110110110000 (base 2) to base 3
-11210210
Convert 3778 (base 9) to base 4.
230021
Convert 366 (base 13) to base 8.
1117
-224024 (base 6) to base 11
-13325
Convert 15603 (base 11) to base 3.
1010012202
280 (base 15) to base 14
2ca
221020 (base 3) to base 5
10211
What is -2204 (base 6) in base 16?
-1fc
Convert -1111011010 (base 2) to base 3.
-1100112
What is 23636 (base 8) in base 3?
111220122
What is 1dbd (base 14) in base 4?
1111103
Convert 77a (base 13) to base 11.
a68
What is 6786 (base 13) in base 15?
4450
Convert -19b58 (base 13) to base 12.
-2510a
-7717 (base 8) to base 2
-111111001111
8158 (base 13) to base 5
1032233
What is 1482 (base 9) in base 16?
467
What is -c36 (base 14) in base 8?
-4540
What is 226434 (base 7) in base 13?
156a5
-11010001111110 (base 2) to base 5
-412223
-286 (base 13) to base 16
-1c0
221310 (base 6) to base 2
100100000101010
Convert -32531 (base 6) to base 8.
-10647
Convert 4666 (base 10) to base 2.
1001000111010
2112 (base 6) to base 7
1250
What is 7053 (base 9) in base 6?
35503
Convert 4720 (base 8) to base 10.
2512
What is 23454 (base 7) in base 16?
17b2
5aa8 (base 12) to base 15
3058
2002021 (base 3) to base 16
5ef
Convert 1121220 (base 3) to base 4.
102201
-1896 (base 10) to base 16
-768
21379 (base 11) to base 15
930c
What is -112021111 (base 3) in base 7?
-42226
31551 (base 7) to base 16
1e93
Convert -667 (base 13) to base 6.
-5031
Convert 5ad5 (base 14) to base 6.
201243
What is 644 (base 16) in base 6?
11232
Convert 201220110 (base 3) to base 15.
4476
Convert 33a5 (base 16) to base 15.
3db6
Convert -11122001 (base 3) to base 9.
-4561
What is 4712 (base 10) in base 7?
16511
22211200 (base 3) to base 8
14454
101201 (base 5) to base 3
11112021
Convert e73 (base 15) to base 11.
24a2
33001 (base 5) to base 13
1042
Convert 2c0 (base 14) to base 15.
275
Convert 3300000 (base 4) to base 13.
6cb7
Convert 3230 (base 5) to base 8.
670
Convert 20010 (base 4) to base 16.
204
-357 (base 9) to base 11
-249
Convert 580 (base 10) to base 2.
1001000100
What is -1001022 (base 3) in base 15?
-35e
1902 (base 10) to base 11
147a
1001021020 (base 3) to base 15
618c
-487 (base 14) to base 8
-1607
-25041 (base 6) to base 13
-18b5
What is 111000110110000 (base 2) in base 9?
43827
What is -85 (base 14) in base 9?
-140
8818 (base 11) to base 13
53b0
Convert 3067 (base 16) to base 7.
51061
What is 1029 (base 10) in base 15?
489
What is -137 (base 10) in base 7?
-254
-202d (base 15) to base 16
-1a89
Convert -1000101101001 (base 2) to base 13.
-204b
-3022 (base 6) to base 11
-552
What is 2198 (base 14) in base 7?
22651
What is 100230 (base 4) in base 6?
4540
Convert 4800 (base 12) to base 5.
224224
Convert -10000001100111 (base 2) to base 14.
-3047
What is 10000312 (base 4) in base 12?
961a
What is 1521 (base 8) in base 14?
449
Convert 220032 (base 4) to base 5.
40244
1a (base 14) to base 10
24
What is 111110000001111 (base 2) in base 13?
115c0
Convert 13477 (base 8) to base 13.
292a
What is -103b (base 12) in base 15?
-7d5
Convert 22141 (base 5) to base 6.
11054
Convert -287 (base 12) to base 5.
-3031
Convert 120012221 (base 3) to base 14.
4087
What is -1233 (base 11) in base 5?
-22414
What is -15048 (base 14) in base 6?
-1041400
5825 (base 12) to base 2
10011001011101
a410 (base 12) to base 6
214420
What is 8130 (base 9) in base 16?
1734
What is -3ee (base 16) in base 5?
-13011
What is -e5b (base 15) in base 2?
-110010100100
-11331 (base 4) to base 15
-1a6
What is -2197d (base 14) in base 6?
-1425031
Convert 17766 (base 